e second derivative of w**5/20 + w**4/2 - w**3/6 - 7*w**2/2 + 10*w. Let t be c(-6). Let z(b) = -2*b**3 + 2*b + 1. What is z(t)?
1
Let g(v) = -v**2 - 2*v + 4. Suppose 2*l + 8 = -3*y, 0 = 3*l - 7 - 8. Let f be 3/(-6)*y/(-1). Give g(f).
1
Let j(l) = -l + 14. Suppose 2*h + 2*m - 6*m = 20, 0 = -3*h + 4*m + 26. Calculate j(h).
8
Let d(r) = -r**2 + 6*r - 4. Let t be 2 - ((1 - 2) + 3). Suppose 2*f - 2*c - 20 = t, 5*c + 2 = -18. Calculate d(f).
-4
Let a(g) = 2*g + 2. Let j be 115/(-35) - (-6)/21. Determine a(j).
-4
Let a(u) = -u**3 - 6*u**2 + u. Let h(m) = -6*m + 6. Let k be h(2). What is a(k)?
-6
Let i(r) = 4*r - 1. Let w = 4 + -6. What is i(w)?
-9
Suppose -8*d = -12*d + 20. Let c(u) = -4*u + u**3 + d*u**2 - u - u + 4. Determine c(-6).
4
Let z(y) = 7*y. Let o be -7 + 0 + 6/2 - -3. Calculate z(o).
-7
Let m = -1 - -3. Suppose m + 2 = -u. Let h(x) = x**2 + 4*x - 3. Calculate h(u).
-3
Let t be (-84)/45 - (-2)/(-15). Let s be (-3 + (1 - t))/1. Let u(y) = -y**3 - y**2 + y - 9. What is u(s)?
-9
Suppose -5*t + 25 = -0*s - s, 4*t + 2*s = 6. Suppose 28 = -t*o + 12. Let h(y) = -y + 1. Give h(o).
5
Let x(a) be the first derivative of -a**2 - a - 15. Give x(5).
-11
Suppose 1 = -4*v + 21. Suppose v*j + 22 = -3*l, 7*l - 8 = j + 4*l. Let w(i) = i - 7. Determine w(j).
-12
Suppose -4*n + m = -3*m - 12, 4 = n - 2*m. Let f(x) = 2*x**3 - 2*x**2 - x - 2. Give f(n).
4
Let b = -2 - -7. Let m(l) = 8*l**2 - 7*l + 5. Let f(u) = -7*u**2 + 6*u - 4. Let x(o) = b*f(o) + 4*m(o). Suppose 0 = 35*s - 33*s - 4. What is x(s)?
-8
Suppose -5 = 4*t + 15. Let p(v) = -3*v + 1. Let f(j) = 2*j - 1. Let z(o) = t*p(o) - 8*f(o). Let k be -1*3/(-2)*2. Calculate z(k).
0
Let v(t) be the third derivative of -t**5/60 - t**4/4 - 2*t**3/3 - 3*t**2. Let s(a) = a**3 - 2*a**2 - 3*a - 4. Let b be s(3). Calculate v(b).
4
Let r(o) = -o**3 - 3*o**2 + o + 2. Suppose 7*l = 4*l + 48. Let z = 13 - l. Determine r(z).
-1
Suppose 13 - 3 = 5*u. Let d be u/(-3)*18/(-4). Let c(p) = -p**3 + 4*p**2 - 3*p + 1. Calculate c(d).
1
Let a be 1*(3 + -1 + -3). Let b(d) = d**3 - 6*d**2 + 5*d + 6. Let k(v) = -v**3 + 5*v**2 - 4*v - 5. Let g(l) = 5*b(l) + 6*k(l). What is g(a)?
0
Let n(x) = 6*x**3 + 2*x**2 + x. Let z be n(-1). Let a(c) = -c**2 - 4*c + 3. Let f be a(z). Let o(k) = 0*k + 2 + 2*k + 0*k - 4 + 4*k**2. Calculate o(f).
10
Let p(j) = -j**2 + 3*j - 2*j**2 - 3 + 0*j**2 + 4*j**2. Let u be p(-4). Let b(q) = -7*q**2 - q + 1. Determine b(u).
-7
Suppose 3*q = 8 + 4. Let u(a) be the third derivative of 2*a**2 + 0*a**3 + 0 + 0*a + 1/24*a**q. Determine u(3).
3
Let t(h) be the third derivative of h**5/30 + h**4/12 + h**3/2 + 28*h**2. Determine t(-2).
7
Let r(c) = c + 1. Suppose s + s = 12. What is r(s)?
7
Let v(t) = 5*t - 10. Let a(f) = -4*f + 10. Let d(m) = -3*a(m) - 2*v(m). Let w = 795 - 788. Calculate d(w).
4
Let q(r) = -3*r + 3 - 2*r + 4 + r**2. Suppose 2*m + h - 11 = -m, -18 = -4*m - 3*h. Suppose 0 = m*k - 5*k + 10. What is q(k)?
7
Let h(m) = 5*m - 17. Let b be h(3). Let t(j) = -j**3 - 3*j**2 + 2. What is t(b)?
-2
Let x be (3 - (-36)/(-27)) + (-1)/(-3). Let k(v) = 4*v. Give k(x).
8
Let k(g) = 0 - 2 - 17 + g + 7. Determine k(11).
-1
Let a be (-10)/(4 + 1) + 4. Let s(x) = 14*x - 14. Let c(o) = 5*o - 5. Let k(m) = 11*c(m) - 4*s(m). What is k(a)?
-1
Suppose -6 = 4*z - 2. Let u = 6 - 5. Let t(f) = 1 - u + 5*f + 1. What is t(z)?
-4
Let b(t) = t**3 + t. Let f(y) = -2*y**3 - y**2 + 3*y + 1. Let q(i) = -b(i) - f(i). Suppose -3 = 23*h - 22*h. What is q(h)?
-7
Let n(f) = f**2 + 5*f + 7. Let a be 1/2 + 45/10. Let q(g) = -2*g**2 - 9*g - 14. Let j(y) = a*n(y) + 2*q(y). Let w(t) = -t. Let b be w(6). Give j(b).
1
Let d be ((-15)/(-9))/((-4)/(-12)). Let o(t) = -t**3 + 5*t**2 + t - 3. What is o(d)?
2
Let s be -4*4/(-8) - 4. Let a(i) = i + 4. Let y(f) = -3*f - 13. Let j(g) = s*y(g) - 7*a(g). Determine j(-3).
1
Let i(c) = -c + 2. Let v(z) = 2*z - 6. Let t(x) = -11*i(x) - 4*v(x). Determine t(-2).
-4
Let o(a) = a**2 - 5*a - 7. Let d be o(6). Let x(l) be the second derivative of l + 0 + l**2 + 1/6*l**3. Determine x(d).
1
Let b be (-7)/3*(4 - 7). Let n(x) = 0*x - b - 3*x + 5*x. Determine n(5).
3
Let g(p) = -p + 4. Let m be -5*(3 - (-36)/(-10)). Calculate g(m).
1
Let t(s) = 7*s. Suppose -3*n + 18 = -3*l, -2*n + 5*l - l + 20 = 0. Give t(n).
14
Suppose 0 = 7*c - c - 6. Let b(r) = -2*r**3 - r**2 + r. Give b(c).
-2
Let k(o) be the third derivative of -o**6/720 - o**5/60 - o**4/8 + 3*o**2. Let y(s) be the second derivative of k(s). Let i = 11 - 7. Calculate y(i).
-6
Suppose 0 = -u - 4 + 6. Let p(h) = -1. Suppose -c = c - 10. Let w(z) = z - 7. Let b(f) = c*p(f) - w(f). Determine b(u).
0
Let k(x) be the third derivative of -x**7/2520 - x**6/360 - x**4/12 - x**2. Let b(h) be the second derivative of k(h). Give b(2).
-8
Let y = 51 - 51. Let n(q) be the first derivative of q**3/3 + q**2/2 + 6*q - 2. What is n(y)?
6
Let i(q) = q**3 - 5*q**2 + 3*q. Let f(r) be the third derivative of -r**6/120 + r**5/10 - r**4/6 - r**3/6 - r**2. Let m(t) = -4*f(t) - 5*i(t). Determine m(0).
4
Let x(h) = -h**3 + 6*h**2 - 5*h. Let s be 3/((-48)/(-20))*4. Give x(s).
0
Let h(k) = k**3 - k**2 - 3*k - 2. Let b be 1/3 - 7/3. Calculate h(b).
-8
Let n(k) = -3*k**2 - k + 2. Suppose 3*r = 7*r - 12. Suppose -d = -r*d - 4. Determine n(d).
-8
Let o(h) be the second derivative of -h**5/20 + 5*h**4/12 + h**3 - 3*h**2 - 3*h. Determine o(6).
-6
Let v(g) = 2*g**3 + 2*g**2 + 3*g + 3. Suppose -3*u = -4*u + 5. Let z = 3 - u. Give v(z).
-11
Suppose 5*r + 2*n = 27, 0*r + 3 = r - 2*n. Let k(i) = 3*i**2 + 5*i + 9. Let u = 7 + -15. Let o(m) = 5*m**2 + 7*m + 13. Let s(z) = u*k(z) + 5*o(z). What is s(r)?
-7
Let u(q) = -3*q. Suppose -w = 5*f + 4, 0 = -0*f - 4*f + w + 4. Let m = f + -1. Determine u(m).
3
Let l be (-105)/(-33) - (-2)/(-11). Let u(q) = 10*q**3 - 13*q**2 - 12*q - 4. Let w(c) = -7*c**3 + 9*c**2 + 8*c + 3. Let v(p) = -5*u(p) - 7*w(p). Give v(l).
2
Let k(o) = -o. Let u be k(-3). Let w(r) be the third derivative of r**4/24 - r**3/2 - 8*r**2. Give w(u).
0
Let d(f) be the first derivative of -7*f**4/4 - 2*f**3/3 - f**2 - f + 17. Determine d(-1).
6
Let t(r) = 6*r**2 - 8*r - r**3 - 3*r**3 + 3 + 3*r**3 + 0*r. Calculate t(5).
-12
Suppose 3*b - 4 - 11 = 0. Let p(s) = -7 - 890*s**3 - 4*s**2 + 447*s**3 + 444*s**3 - 5*s. What is p(b)?
-7
Let u(r) = 3*r. Let i = 46 - 49. What is u(i)?
-9
Let w(g) = g - 2*g - 2*g**2 + 3 - 5*g**3 + 4*g**3 - 3*g**2. Give w(-4).
-9
Let u(t) = 24*t**2 + 9*t - 25*t**2 - 3*t. Let b(x) = -x**2. Let v(m) = 2*b(m) - u(m). Determine v(-6).
0
Let l(p) be the third derivative of -p**6/120 + p**4/24 - p**2. Give l(-2).
6
Let k(q) = -q**2 - 6*q - 2. Let n be k(-6). Suppose -18 = -5*j + x + 3*x, 0 = 2*j - x - 6. Let i(l) = l**2 - 3*l + 4*l + j*l**3 - l**3. What is i(n)?
-6
Suppose -2 + 6 = -4*o, 0 = -r + 2*o + 3. Let d = -3 + r. Let v(z) be the third derivative of z**6/120 + z**5/20 - z**4/12 - z**3/3 + 2*z**2. Determine v(d).
6
Let g be -6 + 11 - 2/2. Let u(w) = 1 + 0*w + g + 3*w - 2. What is u(-3)?
-6
Let b(o) = -8*o - 1. Let m(y) = 3*y**2 - y + 5. Let d(w) = 7*w**2 - w + 11. Let t(h) = 2*d(h) - 5*m(h). Suppose 6*x = 4*x + 4. Let i be t(x). Give b(i).
7
Let r(w) = -7*w**3 - 6*w**2 + 8*w + 6. Let v = -3 - -4. Let y(x) = -x**3 - x**2 + x + 1. Suppose -5*q - 30 = -0*q. Let s(p) = q*y(p) + v*r(p). Calculate s(2).
-4
Let c be 7/4 - 12/16. Let w(i) = 2*i - 1. What is w(c)?
1
Suppose -3*p - 2 = -2*p. Let x be (p - (-1 - 0))*-1. Suppose 2*i - 3*h - x = 6*i, -3*h + 1 = 2*i. Let b(s) = -3*s**2 + 2*s + 1. Determine b(i).
-4
Let g(j) = -j**2 - 3*j + 5. Let h(f) = f - 1. Let m(t) = g(t) + 4*h(t). Suppose 0*q = -2*q + 10. Let u(r) = r - 2. Let v be u(q). Calculate m(v).
-5
Let y(h) = h + 12. Suppose f + 18 = -2*f. Determine y(f).
6
Suppose -5*w - 8 = -3*w. Let s(v) = v - 9. Let x(l) = 3*l - 26. Let r(q) = -17*s(q) + 6*x(q). Calculate r(w).
-7
Let j be 20/12 + 2/(-3). Let a(g) = g + 2. Let n(v) = v + 5. Suppose 2*b + 6 = 0, 7*b = -5*l + 4*b + 1. Let r(c) = l*n(c) - 5*a(c). What is r(j)?
-3
Let b(j) = -j + 1. Let m be (-2)/7 - (-136)/(-14). Let p(z) = -z**2 + 4*z + 2. Let y be p(4). Let g be ((-1)/(-1))/(y/m). Determine b(g).
6
Let j be (-2)/5 + 66/15. Suppose -s - j + 2 = 0. Let h(l) = l**3 + l**2 - 2*l + 1. Calculate h(s).
1
Let s = -8 + 13. Suppose -s*d + 15 = -0*d. Let z(k) = -2*k + 3 - k**2 - 1 + d*k. De